{"id":17,"date":"2020-10-25T11:59:33","date_gmt":"2020-10-25T10:59:33","guid":{"rendered":"http:\/\/racinesprojetsaccompagnement.com\/?page_id=17"},"modified":"2025-05-25T22:59:15","modified_gmt":"2025-05-25T20:59:15","slug":"qui-suis-je","status":"publish","type":"page","link":"https:\/\/racinesprojetsaccompagnement.com\/index.php\/qui-suis-je\/","title":{"rendered":"Qui suis-je?"},"content":{"rendered":"\n<h2 class=\"wp-block-heading has-text-align-center\">Christina Duchesne<\/h2>\n\n\n\n<div class=\"wp-block-group\"><div class=\"wp-block-group__inner-container is-layout-flow wp-block-group-is-layout-flow\">\n<div class=\"wp-block-columns is-layout-flex wp-container-core-columns-is-layout-9d6595d7 wp-block-columns-is-layout-flex\">\n<div class=\"wp-block-column is-layout-flow wp-block-column-is-layout-flow\">\n<p class=\"has-text-align-left\"><strong>L\u2019\u00eatre humain a toujours \u00e9t\u00e9 le fil conducteur de mon parcours de vie. <\/strong>Je me suis form\u00e9e en psychologie clinique et psychopathologie jusqu\u2019en ma\u00eetrise. Puis au Master en Intelligence des organisations afin d\u2019accompagner toute personne et tout groupe dans ses projets et conduites de changement. C\u2019est durant cette formation que j\u2019ai travaill\u00e9 sur mon propre projet professionnel et de vie. J\u2019ai exp\u00e9riment\u00e9 et acquis la plupart des outils propos\u00e9s dans la prestation de bilan.<br>C\u2019est ainsi que mon parcours dans l\u2019accompagnement professionnel a d\u00e9but\u00e9. J\u2019ai \u00e9t\u00e9 agent de recrutement en agence d\u2019int\u00e9rim, form\u00e9e par une directrice qui avait fait carri\u00e8re dans le recrutement en cabinet RH. J\u2019ai beaucoup appris sur les \u00ab r\u00e8gles du jeu \u00bb de l\u2019entretien de recrutement, sur la plateforme du monde du travail qu\u2019est l\u2019int\u00e9rim. Un lieu riche en exp\u00e9riences qui m\u2019a permis par la suite de transmettre tout ce que j\u2019ai appris et exp\u00e9riment\u00e9 lors des prestations d\u2019accompagnements \u00e0 l\u2019emploi.<br>Mes nombreuses exp\u00e9riences professionnelles parall\u00e8les (serveuse en extra, ouvri\u00e8re sp\u00e9cialis\u00e9e, femme d\u2019entretien, employ\u00e9e familiale, charg\u00e9e de promotion, inventoriste, h\u00f4tesse de caisse etc.) m\u2019ont permis de connaitre et de savoir m\u2019adapter \u00e0 diff\u00e9rents secteurs d\u2019activit\u00e9 ; d\u2019\u00eatre confront\u00e9e ainsi \u00e0 diff\u00e9rentes cultures entreprise.<br><\/p>\n\n\n\n<p class=\"has-text-align-left\">Ensuite, j\u2019ai travaill\u00e9 en tant que consultante en cellule de reclassement o\u00f9 j\u2019accompagnais jusqu\u2019\u00e0 18 mois des salari\u00e9s licenci\u00e9s \u00e9conomiques dans leur orientation professionnelle (emploi, formations, cr\u00e9ation entreprise).<br>Mon entr\u00e9e dans une structure associative qui oeuvrait dans l\u2019accompagnement des personnes en situation de handicap et dans l\u2019\u00e9laboration de projets professionnels, m\u2019a permis de d\u00e9velopper l\u2019accompagnement individuel et collectif dans l\u2019objectif de r\u00e9orientation professionnelle.<br>La fermeture de cette association en 2011 a \u00e9t\u00e9 pour moi l\u2019opportunit\u00e9 parfaite vers la cr\u00e9ation de mon propre cabinet o\u00f9 je pouvais mettre en oeuvre tout mon savoir-faire, mes qualit\u00e9s et oeuvrer avec mes valeurs humaines.<br><br>Puis un \u00e9v\u00e8nement est venu changer ma trajectoire personnelle. J&rsquo;ai d\u00fb reconfigurer ma vie,  et lui donner un nouveau souffle. J&rsquo;ai d\u00e9cid\u00e9 entre autre, de me former comme psychopraticienne en art th\u00e9rapie humaniste. Durant ces 4 ann\u00e9es de formation et de cheminement th\u00e9rapeutique personnel, j\u2019ai (re)d\u00e9couvert ma joie, ma cr\u00e9ativit\u00e9, mon go\u00fbt et ma passion pour toutes les formes d\u2019art. L&rsquo;art suscite chez moi \u00e9motions, \u00e9merveillement, d\u00e9couverte, ouverture et gu\u00e9rison.<br>L\u2019accompagnement des personnes en th\u00e9rapie a toujours \u00e9t\u00e9 dans un coin de mon coeur.<\/p>\n\n\n\n<figure class=\"wp-block-image size-large is-resized is-style-rounded\"><img loading=\"lazy\" decoding=\"async\" width=\"1024\" height=\"768\" src=\"https:\/\/racinesprojetsaccompagnement.com\/wp-content\/uploads\/2022\/01\/IMG_73581-1024x768.jpg\" alt=\"\" class=\"wp-image-673\" srcset=\"https:\/\/racinesprojetsaccompagnement.com\/wp-content\/uploads\/2022\/01\/IMG_73581-1024x768.jpg 1024w, https:\/\/racinesprojetsaccompagnement.com\/wp-content\/uploads\/2022\/01\/IMG_73581-300x225.jpg 300w, https:\/\/racinesprojetsaccompagnement.com\/wp-content\/uploads\/2022\/01\/IMG_73581-768x576.jpg 768w, https:\/\/racinesprojetsaccompagnement.com\/wp-content\/uploads\/2022\/01\/IMG_73581-1536x1152.jpg 1536w, https:\/\/racinesprojetsaccompagnement.com\/wp-content\/uploads\/2022\/01\/IMG_73581-2048x1536.jpg 2048w, https:\/\/racinesprojetsaccompagnement.com\/wp-content\/uploads\/2022\/01\/IMG_73581-1200x900.jpg 1200w\" sizes=\"auto, (max-width: 1024px) 100vw, 1024px\" \/><figcaption class=\"wp-element-caption\">Racines Projets Centre bilan de comp\u00e9tences et de psychoth\u00e9rapie \u00e0 S\u00e9lestat et Colmar<\/figcaption><\/figure>\n<\/div>\n\n\n\n<div class=\"wp-block-column is-layout-flow wp-block-column-is-layout-flow\"><div class=\"wp-block-image is-style-rounded\">\n<figure class=\"aligncenter size-large is-resized\"><img loading=\"lazy\" decoding=\"async\" width=\"1024\" height=\"724\" src=\"https:\/\/racinesprojetsaccompagnement.com\/wp-content\/uploads\/2023\/03\/portrait-4-page-001-1024x724.jpg\" alt=\"\" class=\"wp-image-749\" style=\"width:313px;height:221px\" srcset=\"https:\/\/racinesprojetsaccompagnement.com\/wp-content\/uploads\/2023\/03\/portrait-4-page-001-1024x724.jpg 1024w, https:\/\/racinesprojetsaccompagnement.com\/wp-content\/uploads\/2023\/03\/portrait-4-page-001-300x212.jpg 300w, https:\/\/racinesprojetsaccompagnement.com\/wp-content\/uploads\/2023\/03\/portrait-4-page-001-768x543.jpg 768w, https:\/\/racinesprojetsaccompagnement.com\/wp-content\/uploads\/2023\/03\/portrait-4-page-001-1536x1086.jpg 1536w, https:\/\/racinesprojetsaccompagnement.com\/wp-content\/uploads\/2023\/03\/portrait-4-page-001-1200x848.jpg 1200w, https:\/\/racinesprojetsaccompagnement.com\/wp-content\/uploads\/2023\/03\/portrait-4-page-001-rotated.jpg 1754w\" sizes=\"auto, (max-width: 1024px) 100vw, 1024px\" \/><figcaption class=\"wp-element-caption\"><em>Christina Duchesne &#8211; Consultante  Psychologie clinique du travail &#8211; Praticienne en psychoth\u00e9rapie &#8211; <\/em><\/figcaption><\/figure>\n<\/div>\n\n\n<p class=\"has-normal-font-size\">Depuis enfant, je me scrute, je scrute les autres, leurs attitudes, leurs comportements, les miens aussi, je veux comprendre, je veux comprendre le monde, je veux comprendre mes parents, je veux me comprendre, trouver du sens aux \u00e9v\u00e9nements, \u00e0 ma vie, j\u2019enregistre les \u00e9motions qui me font du bien, pour me guider dans mes choix ; ou qui me font mal pour me rappeler de ne plus repasser par l\u00e0. Jeune, je voulais \u00eatre psy pour enfants pour les gu\u00e9rir. Plus tard, je comprendrais, pour me gu\u00e9rir.<br><\/p>\n\n\n\n<p class=\"has-normal-font-size\">Le courant <em>humaniste <\/em>et <em>transpersonnel <\/em>dans lequel s&rsquo;inscrit ma pratique professionnelle rejoint ma perception que j\u2019ai de l\u2019\u00eatre humain comme \u00e9tant celui qui poss\u00e8de intimement en lui-m\u00eame les r\u00e9ponses \u00e0 ses questionnements, les ressources dont il a besoin et \u00e9galement comme \u00e9tant un \u00eatre in\u00e9luctablement reli\u00e9 au monde. Nous ne pouvons pas travailler sur nous-m\u00eame en faisant abstraction de ce qui nous entoure. Nous ne sommes pas si seul comme nous pouvons le croire si souvent. Nous faisons partie du monde comme le monde fait partie de nous.<br><\/p>\n\n\n\n<p class=\"has-normal-font-size\"><strong>J\u2019accompagne <\/strong>ainsi <strong>toute personne <\/strong>souhaitant <strong>cheminer vers plus de connaissance de soi, vers un mieux-\u00eatre dans les diff\u00e9rentes sph\u00e8res de sa vie, vers toujours un peu plus de gu\u00e9rison de ses blessures<\/strong>, <strong>vers plus de conscience de soi et du monde.<\/strong><br>La d\u00e9marche <strong>psychoth\u00e9rapeutique <\/strong>est un <strong>chemin <\/strong>de <strong>conscience <\/strong>o\u00f9 je me tiens \u00e0 vos c\u00f4t\u00e9s pour <strong>explorer <\/strong>avec vous <strong>ce qui peut vous poser question, vous faire souffrance, vous tourmenter, ce qui vous emp\u00eache de vous sentir \u00e9panoui(e), ou \u00e0 votre place<\/strong>.<br>Les outils d\u2019art th\u00e9rapie, de th\u00e9\u00e2tre de gu\u00e9rison, psychocorporels, d&rsquo;hypnose et de la respiration holotropique utilis\u00e9s en th\u00e9rapie sont de v\u00e9ritables r\u00e9v\u00e9lateurs de notre vie int\u00e9rieure. Car c\u2019est bien face \u00e0 ce qui se r\u00e9v\u00e8le devant nous que nous pouvons alors commencer \u00e0 agir pour nous-m\u00eame.<br><\/p>\n\n\n\n<p class=\"has-normal-font-size\">Mes accompagnements professionnels ont toujours \u00e9t\u00e9 impr\u00e9gn\u00e9s de cette approche o\u00f9 j\u2019utilise les outils comme des m\u00e9diums (au sens interm\u00e9diaire) d\u2019o\u00f9 \u00e9mergent les savoirs et connaissances sur soi.<br><\/p>\n\n\n\n<p class=\"has-normal-font-size\"><strong>Ecoute, respect et non-jugement <\/strong>sont \u00e9videmment les valeurs inh\u00e9rentes \u00e0 la professionnelle de l&rsquo;accompagnement que je suis.<br><br>Je suis certifi\u00e9e en Hypnose Ericksonnienne et Transpersonnelle \u00ae et form\u00e9e \u00e0 la Respiration Holotropique (Article de certification en cours d&rsquo;\u00e9criture) accessible en individuel et en groupes. Nous consulter pour toute demande.<br><br>Par ailleurs, pour garantir de la <strong>qualit\u00e9 <\/strong>des suivis th\u00e9rapeutiques de mes clients, j&rsquo;effectue un travail r\u00e9gulier de <strong>supervision<\/strong> et de psychoth\u00e9rapie personnelle.<br><\/p>\n<\/div>\n<\/div>\n<\/div><\/div>\n\n\n\n<div class=\"wp-block-file\"><a id=\"wp-block-file--media-78f48c6a-0296-466c-9a9e-7b18c6a1c67b\" href=\"https:\/\/racinesprojetsaccompagnement.com\/wp-content\/uploads\/2024\/06\/Christina-DUCHESNE-CV-JUIN-2023.pdf\">Christina DUCHESNE CV JUIN 2023<\/a><a href=\"https:\/\/racinesprojetsaccompagnement.com\/wp-content\/uploads\/2024\/06\/Christina-DUCHESNE-CV-JUIN-2023.pdf\" class=\"wp-block-file__button wp-element-button\" download aria-describedby=\"wp-block-file--media-78f48c6a-0296-466c-9a9e-7b18c6a1c67b\">T\u00e9l\u00e9charger<\/a><\/div>\n\n\n\n<figure class=\"wp-block-pullquote\"><blockquote><p><br>L<em>\u2019Homme m\u00e9rite qu\u2019il se soucie de lui-m\u00eame, car il porte dans son \u00e2me les germes de son devenir<\/em><\/p><cite>Carl G. Jung<\/cite><\/blockquote><\/figure>\n\n\n\n<p class=\"has-text-align-center has-vivid-red-background-color has-text-color has-background\"><span style=\"background-color:rgba(0, 0, 0, 0)\" class=\"has-inline-color has-luminous-vivid-amber-color\"><strong>Racines Projets &#8211; Centre bilan de comp\u00e9tences et de th\u00e9rapie<\/strong>s<br>5 rue des Clefs <strong>67600 SELESTAT<\/strong><\/span><br><span style=\"background-color:rgba(0, 0, 0, 0)\" class=\"has-inline-color has-luminous-vivid-amber-color\">4 rue de Turckheim<\/span><strong><span style=\"background-color:rgba(0, 0, 0, 0)\" class=\"has-inline-color has-luminous-vivid-amber-color\"> 68000 COLMAR<br>T\u00e9l. 06 63 64 20 78 &#8211; Mail : christina.duchesne@yahoo.fr<\/span><\/strong><\/p>\n\n\n\n\n\n<p>Cr\u00e9dit photos: J\u00e9r\u00f4me PETIT<\/p>\n","protected":false},"excerpt":{"rendered":"<p>Christina Duchesne L\u2019\u00eatre humain a toujours \u00e9t\u00e9 le fil conducteur de mon parcours de vie. Je me suis form\u00e9e en psychologie clinique et psychopathologie jusqu\u2019en ma\u00eetrise. Puis au Master en Intelligence des organisations afin d\u2019accompagner toute personne et tout groupe dans ses projets et conduites de changement. C\u2019est durant cette formation que j\u2019ai travaill\u00e9 sur &hellip; <\/p>\n<p class=\"link-more\"><a href=\"https:\/\/racinesprojetsaccompagnement.com\/index.php\/qui-suis-je\/\" class=\"more-link\">Continue reading<span class=\"screen-reader-text\"> \u00ab\u00a0Qui suis-je?\u00a0\u00bb<\/span><\/a><\/p>\n","protected":false},"author":1,"featured_media":533,"parent":0,"menu_order":0,"comment_status":"closed","ping_status":"closed","template":"template-full.php","meta":{"footnotes":""},"class_list":["post-17","page","type-page","status-publish","has-post-thumbnail","hentry"],"_links":{"self":[{"href":"https:\/\/racinesprojetsaccompagnement.com\/index.php\/wp-json\/wp\/v2\/pages\/17","targetHints":{"allow":["GET"]}}],"collection":[{"href":"https:\/\/racinesprojetsaccompagnement.com\/index.php\/wp-json\/wp\/v2\/pages"}],"about":[{"href":"https:\/\/racinesprojetsaccompagnement.com\/index.php\/wp-json\/wp\/v2\/types\/page"}],"author":[{"embeddable":true,"href":"https:\/\/racinesprojetsaccompagnement.com\/index.php\/wp-json\/wp\/v2\/users\/1"}],"replies":[{"embeddable":true,"href":"https:\/\/racinesprojetsaccompagnement.com\/index.php\/wp-json\/wp\/v2\/comments?post=17"}],"version-history":[{"count":70,"href":"https:\/\/racinesprojetsaccompagnement.com\/index.php\/wp-json\/wp\/v2\/pages\/17\/revisions"}],"predecessor-version":[{"id":912,"href":"https:\/\/racinesprojetsaccompagnement.com\/index.php\/wp-json\/wp\/v2\/pages\/17\/revisions\/912"}],"wp:featuredmedia":[{"embeddable":true,"href":"https:\/\/racinesprojetsaccompagnement.com\/index.php\/wp-json\/wp\/v2\/media\/533"}],"wp:attachment":[{"href":"https:\/\/racinesprojetsaccompagnement.com\/index.php\/wp-json\/wp\/v2\/media?parent=17"}],"curies":[{"name":"wp","href":"https:\/\/api.w.org\/{rel}","templated":true}]}}

<h2 class="wp-block-heading has-text-align-center">Christina Duchesne</h2>



<div class="wp-block-group"><div class="wp-block-group__inner-container is-layout-flow wp-block-group-is-layout-flow">
<div class="wp-block-columns is-layout-flex wp-container-core-columns-is-layout-9d6595d7 wp-block-columns-is-layout-flex">
<div class="wp-block-column is-layout-flow wp-block-column-is-layout-flow">
<p class="has-text-align-left"><strong>L’être humain a toujours été le fil conducteur de mon parcours de vie. </strong>Je me suis formée en psychologie clinique et psychopathologie jusqu’en maîtrise. Puis au Master en Intelligence des organisations afin d’accompagner toute personne et tout groupe dans ses projets et conduites de changement. C’est durant cette formation que j’ai travaillé sur mon propre projet professionnel et de vie. J’ai expérimenté et acquis la plupart des outils proposés dans la prestation de bilan.<br>C’est ainsi que mon parcours dans l’accompagnement professionnel a débuté. J’ai été agent de recrutement en agence d’intérim, formée par une directrice qui avait fait carrière dans le recrutement en cabinet RH. J’ai beaucoup appris sur les « règles du jeu » de l’entretien de recrutement, sur la plateforme du monde du travail qu’est l’intérim. Un lieu riche en expériences qui m’a permis par la suite de transmettre tout ce que j’ai appris et expérimenté lors des prestations d’accompagnements à l’emploi.<br>Mes nombreuses expériences professionnelles parallèles (serveuse en extra, ouvrière spécialisée, femme d’entretien, employée familiale, chargée de promotion, inventoriste, hôtesse de caisse etc.) m’ont permis de connaitre et de savoir m’adapter à différents secteurs d’activité ; d’être confrontée ainsi à différentes cultures entreprise.<br></p>



<p class="has-text-align-left">Ensuite, j’ai travaillé en tant que consultante en cellule de reclassement où j’accompagnais jusqu’à 18 mois des salariés licenciés économiques dans leur orientation professionnelle (emploi, formations, création entreprise).<br>Mon entrée dans une structure associative qui oeuvrait dans l’accompagnement des personnes en situation de handicap et dans l’élaboration de projets professionnels, m’a permis de développer l’accompagnement individuel et collectif dans l’objectif de réorientation professionnelle.<br>La fermeture de cette association en 2011 a été pour moi l’opportunité parfaite vers la création de mon propre cabinet où je pouvais mettre en oeuvre tout mon savoir-faire, mes qualités et oeuvrer avec mes valeurs humaines.<br><br>Puis un évènement est venu changer ma trajectoire personnelle. J&rsquo;ai dû reconfigurer ma vie,  et lui donner un nouveau souffle. J&rsquo;ai décidé entre autre, de me former comme psychopraticienne en art thérapie humaniste. Durant ces 4 années de formation et de cheminement thérapeutique personnel, j’ai (re)découvert ma joie, ma créativité, mon goût et ma passion pour toutes les formes d’art. L&rsquo;art suscite chez moi émotions, émerveillement, découverte, ouverture et guérison.<br>L’accompagnement des personnes en thérapie a toujours été dans un coin de mon coeur.</p>



<figure class="wp-block-image size-large is-resized is-style-rounded"><img loading="lazy" decoding="async" width="1024" height="768" src="https://racinesprojetsaccompagnement.com/wp-content/uploads/2022/01/IMG_73581-1024x768.jpg" alt="" class="wp-image-673" srcset="https://racinesprojetsaccompagnement.com/wp-content/uploads/2022/01/IMG_73581-1024x768.jpg 1024w, https://racinesprojetsaccompagnement.com/wp-content/uploads/2022/01/IMG_73581-300x225.jpg 300w, https://racinesprojetsaccompagnement.com/wp-content/uploads/2022/01/IMG_73581-768x576.jpg 768w, https://racinesprojetsaccompagnement.com/wp-content/uploads/2022/01/IMG_73581-1536x1152.jpg 1536w, https://racinesprojetsaccompagnement.com/wp-content/uploads/2022/01/IMG_73581-2048x1536.jpg 2048w, https://racinesprojetsaccompagnement.com/wp-content/uploads/2022/01/IMG_73581-1200x900.jpg 1200w" sizes="auto, (max-width: 1024px) 100vw, 1024px" /><figcaption class="wp-element-caption">Racines Projets Centre bilan de compétences et de psychothérapie à Sélestat et Colmar</figcaption></figure>
</div>



<div class="wp-block-column is-layout-flow wp-block-column-is-layout-flow"><div class="wp-block-image is-style-rounded">
<figure class="aligncenter size-large is-resized"><img loading="lazy" decoding="async" width="1024" height="724" src="https://racinesprojetsaccompagnement.com/wp-content/uploads/2023/03/portrait-4-page-001-1024x724.jpg" alt="" class="wp-image-749" style="width:313px;height:221px" srcset="https://racinesprojetsaccompagnement.com/wp-content/uploads/2023/03/portrait-4-page-001-1024x724.jpg 1024w, https://racinesprojetsaccompagnement.com/wp-content/uploads/2023/03/portrait-4-page-001-300x212.jpg 300w, https://racinesprojetsaccompagnement.com/wp-content/uploads/2023/03/portrait-4-page-001-768x543.jpg 768w, https://racinesprojetsaccompagnement.com/wp-content/uploads/2023/03/portrait-4-page-001-1536x1086.jpg 1536w, https://racinesprojetsaccompagnement.com/wp-content/uploads/2023/03/portrait-4-page-001-1200x848.jpg 1200w, https://racinesprojetsaccompagnement.com/wp-content/uploads/2023/03/portrait-4-page-001-rotated.jpg 1754w" sizes="auto, (max-width: 1024px) 100vw, 1024px" /><figcaption class="wp-element-caption"><em>Christina Duchesne &#8211; Consultante  Psychologie clinique du travail &#8211; Praticienne en psychothérapie &#8211; </em></figcaption></figure>
</div>


<p class="has-normal-font-size">Depuis enfant, je me scrute, je scrute les autres, leurs attitudes, leurs comportements, les miens aussi, je veux comprendre, je veux comprendre le monde, je veux comprendre mes parents, je veux me comprendre, trouver du sens aux événements, à ma vie, j’enregistre les émotions qui me font du bien, pour me guider dans mes choix ; ou qui me font mal pour me rappeler de ne plus repasser par là. Jeune, je voulais être psy pour enfants pour les guérir. Plus tard, je comprendrais, pour me guérir.<br></p>



<p class="has-normal-font-size">Le courant <em>humaniste </em>et <em>transpersonnel </em>dans lequel s&rsquo;inscrit ma pratique professionnelle rejoint ma perception que j’ai de l’être humain comme étant celui qui possède intimement en lui-même les réponses à ses questionnements, les ressources dont il a besoin et également comme étant un être inéluctablement relié au monde. Nous ne pouvons pas travailler sur nous-même en faisant abstraction de ce qui nous entoure. Nous ne sommes pas si seul comme nous pouvons le croire si souvent. Nous faisons partie du monde comme le monde fait partie de nous.<br></p>



<p class="has-normal-font-size"><strong>J’accompagne </strong>ainsi <strong>toute personne </strong>souhaitant <strong>cheminer vers plus de connaissance de soi, vers un mieux-être dans les différentes sphères de sa vie, vers toujours un peu plus de guérison de ses blessures</strong>, <strong>vers plus de conscience de soi et du monde.</strong><br>La démarche <strong>psychothérapeutique </strong>est un <strong>chemin </strong>de <strong>conscience </strong>où je me tiens à vos côtés pour <strong>explorer </strong>avec vous <strong>ce qui peut vous poser question, vous faire souffrance, vous tourmenter, ce qui vous empêche de vous sentir épanoui(e), ou à votre place</strong>.<br>Les outils d’art thérapie, de théâtre de guérison, psychocorporels, d&rsquo;hypnose et de la respiration holotropique utilisés en thérapie sont de véritables révélateurs de notre vie intérieure. Car c’est bien face à ce qui se révèle devant nous que nous pouvons alors commencer à agir pour nous-même.<br></p>



<p class="has-normal-font-size">Mes accompagnements professionnels ont toujours été imprégnés de cette approche où j’utilise les outils comme des médiums (au sens intermédiaire) d’où émergent les savoirs et connaissances sur soi.<br></p>



<p class="has-normal-font-size"><strong>Ecoute, respect et non-jugement </strong>sont évidemment les valeurs inhérentes à la professionnelle de l&rsquo;accompagnement que je suis.<br><br>Je suis certifiée en Hypnose Ericksonnienne et Transpersonnelle ® et formée à la Respiration Holotropique (Article de certification en cours d&rsquo;écriture) accessible en individuel et en groupes. Nous consulter pour toute demande.<br><br>Par ailleurs, pour garantir de la <strong>qualité </strong>des suivis thérapeutiques de mes clients, j&rsquo;effectue un travail régulier de <strong>supervision</strong> et de psychothérapie personnelle.<br></p>
</div>
</div>
</div></div>



<div class="wp-block-file"><a id="wp-block-file--media-78f48c6a-0296-466c-9a9e-7b18c6a1c67b" href="https://racinesprojetsaccompagnement.com/wp-content/uploads/2024/06/Christina-DUCHESNE-CV-JUIN-2023.pdf">Christina DUCHESNE CV JUIN 2023</a><a href="https://racinesprojetsaccompagnement.com/wp-content/uploads/2024/06/Christina-DUCHESNE-CV-JUIN-2023.pdf" class="wp-block-file__button wp-element-button" download aria-describedby="wp-block-file--media-78f48c6a-0296-466c-9a9e-7b18c6a1c67b">Télécharger</a></div>



<figure class="wp-block-pullquote"><blockquote><p><br>L<em>’Homme mérite qu’il se soucie de lui-même, car il porte dans son âme les germes de son devenir</em></p><cite>Carl G. Jung</cite></blockquote></figure>



<p class="has-text-align-center has-vivid-red-background-color has-text-color has-background"><span style="background-color:rgba(0, 0, 0, 0)" class="has-inline-color has-luminous-vivid-amber-color"><strong>Racines Projets &#8211; Centre bilan de compétences et de thérapie</strong>s<br>5 rue des Clefs <strong>67600 SELESTAT</strong></span><br><span style="background-color:rgba(0, 0, 0, 0)" class="has-inline-color has-luminous-vivid-amber-color">4 rue de Turckheim</span><strong><span style="background-color:rgba(0, 0, 0, 0)" class="has-inline-color has-luminous-vivid-amber-color"> 68000 COLMAR<br>Tél. 06 63 64 20 78 &#8211; Mail : christina.duchesne@yahoo.fr</span></strong></p>





<p>Crédit photos: Jérôme PETIT</p>

<p>Christina Duchesne L’être humain a toujours été le fil conducteur de mon parcours de vie. Je me suis formée en psychologie clinique et psychopathologie jusqu’en maîtrise. Puis au Master en Intelligence des organisations afin d’accompagner toute personne et tout groupe dans ses projets et conduites de changement. C’est durant cette formation que j’ai travaillé sur &hellip; </p>
<p class="link-more"><a href="https://racinesprojetsaccompagnement.com/index.php/qui-suis-je/" class="more-link">Continue reading<span class="screen-reader-text"> « Qui suis-je? »</span></a></p>
